dreds digit of 77171274?
2
What is the tens digit of 489367987?
8
What is the ten thousands digit of 158994498?
9
What is the thousands digit of 5816971641?
1
What is the hundreds digit of 7224579538?
5
What is the ten millions digit of 193690080?
9
What is the hundreds digit of 4543313?
3
What is the thousands digit of 319821239?
1
What is the hundred thousands digit of 10716882?
7
What is the hundred thousands digit of 303202842?
2
What is the hundred millions digit of 1348097351?
3
What is the hundred millions digit of 147714091?
1
What is the units digit of 91302749?
9
What is the ten millions digit of 808376427?
0
What is the hundred thousands digit of 455879381?
8
What is the tens digit of 6160742?
4
What is the millions digit of 6461585643?
1
What is the millions digit of 573262266?
3
What is the tens digit of 3695439130?
3
What is the ten thousands digit of 4071987612?
8
What is the hundreds digit of 402201290?
2
What is the ten millions digit of 867995459?
6
What is the hundreds digit of 1134744909?
9
What is the hundred thousands digit of 190645468?
6
What is the units digit of 956974944?
4
What is the ten thousands digit of 109161844?
6
What is the billions digit of 3500737697?
3
What is the thousands digit of 5020166016?
6
What is the millions digit of 66743962?
6
What is the millions digit of 205586020?
5
What is the hundred millions digit of 1377887660?
3
What is the tens digit of 16375660?
6
What is the hundred millions digit of 3803246957?
8
What is the ten millions digit of 2029166876?
2
What is the hundred thousands digit of 327679168?
6
What is the units digit of 17193041?
1
What is the hundred thousands digit of 363547242?
5
What is the hundreds digit of 31826345?
3
What is the tens digit of 870446629?
2
What is the hundred thousands digit of 266114571?
1
What is the ten thousands digit of 823265112?
6
What is the units digit of 738556847?
7
What is the thousands digit of 1836229849?
9
What is the hundred thousands digit of 807346138?
3
What is the units digit of 133447051?
1
What is the hundred millions digit of 1230994915?
2
What is the units digit of 484332863?
3
What is the ten millions digit of 1576331833?
7
What is the thousands digit of 2533826089?
6
What is the ten millions digit of 1525000712?
2
What is the hundred millions digit of 493177889?
4
What is the billions digit of 4671489007?
4
What is the hundred thousands digit of 1458107393?
1
What is the thousands digit of 107792385?
2
What is the billions digit of 3252187425?
3
What is the millions digit of 18753041?
8
What is the hundreds digit of 70581313?
3
What is the ten thousands digit of 39480685?
8
What is the billions digit of 2197470054?
2
What is the ten thousands digit of 77135499?
3
What is the hundreds digit of 831733552?
5
What is the thousands digit of 106410005?
0
What is the hundreds digit of 421703525?
5
What is the tens digit of 4677992891?
9
What is the hundred millions digit of 855456041?
8
What is the units digit of 7868194?
4
What is the tens digit of 249692631?
3
What is the units digit of 57580826?
6
What is the ten thousands digit of 95958589?
5
What is the millions digit of 121537065?
1
What is the hundred thousands digit of 33743122?
7
What is the ten millions digit of 1876414460?
7
What is the tens digit of 1018372188?
8
What is the hundreds digit of 3523725848?
8
What is the hundred thousands digit of 758754438?
7
What is the hundred millions digit of 131000739?
1
What is the billions digit of 2379159204?
2
What is the hundred thousands digit of 60228310?
2
What is the billions digit of 1144052496?
1
What is the ten millions digit of 966685630?
6
What is the hundred thousands digit of 4130902112?
9
What is the hundreds digit of 966195879?
8
What is the millions digit of 230998061?
0
What is the units digit of 3793647776?
6
What is the units digit of 25726326?
6
What is the millions digit of 388702182?
8
What is the units digit of 1324262260?
0
What is the tens digit of 20886057?
5
What is the hundred millions digit of 2157549782?
1
What is the hundreds digit of 96984980?
9
What is the ten millions digit of 121801421?
2
What is the thousands digit of 200221942?
1
What is the millions digit of 200977275?
0
What is the ten thousands digit of 4077178744?
7
What is the tens digit of 54978011?
1
What is the units digit of 121994535?
5
What is the thousands digit of 340974160?
4
What is the ten millions digit of 52540784?
5
What is the ten millions digit of 1122000562?
2
What is the thousands digit of 369240208?
0
What is the hundreds digit of 139014855?
8
What is the ten millions digit of 27062368?
2
What is the tens digit of 151175057?
5
What is the hundred thousands digit of 7544966089?
9
What is the ten millions digit of 400006450?
0
What is the ten thousands digit of 755342181?
4
What is the ten thousands digit of 253396847?
9
What is the hundreds digit of 101729542?
5
What is the hundred thousands digit of 188074024?
0
What is the thousands digit of 24907582?
7
What is the ten thousands digit of 69716097?
1
What is the hundreds digit of 170156740?
7
What is the hundreds digit of 33785377?
3
What is the ten millions digit of 175921076?
7
What is the hundred thousands digit of 105402607?
4
What is the hundred thousands digit of 2654574587?
5
What is the tens digit of 99215020?
2
What is the hundred thousands digit of 5185919844?
9
What is the hundreds digit of 1565742376?
3
What is the millions digit of 39034726?
9
What is the units digit of 680275002?
2
What is the units digit of 57081205?
5
What is the ten thousands digit of 1186405927?
0
What is the hundreds digit of 250007955?
9
What is the thousands digit of 44059625?
9
What is the hundreds digit of 756606250?
2
What is the hundreds digit of 93894052?
0
What is the billions digit of 1586943580?
1
What is the ten thousands digit of 59308061?
0
What is the hundreds digit of 105117765?
7
What is the hundred thousands digit of 75768873?
7
What is the ten millions digit of 17060984?
1
What is the millions digit of 146093401?
6
What is the units digit of 30638860?
0
What is the millions digit of 941153974?
1
What is the tens digit of 200953895?
9
What is the ten thousands digit of 10241443?
4
What is the ten millions digit of 80388267?
8
What is the millions digit of 8603165?
8
What is the units digit of 413995819?
9
What is the hundred thousands digit of 113055831?
0
What is the hundred thousands digit of 406008788?
0
What is the hundreds digit of 32247881?
8
What is the tens digit of 511478213?
1
What is the thousands digit of 58120562?
0
What is the units digit of 3365383333?
3
What is the tens digit of 333707086?
8
What is the millions digit of 2990706799?
0
What is the hundred thousands digit of 294451453?
4
What is the ten millions digit of 116122960?
1
What is the ten millions digit of 19938142?
1
What is the millions digit of 82225703?
2
What is the ten thousands digit of 53404810?
0
What is the hundreds digit of 304789776?
7
What is the hundred thousands digit of 353901689?
9
What is the ten thousands digit of 27071292?
7
What is the tens digit of 82972682?
8
What is the ten thousands digit of 39101482?
0
What is the units digit of 51202899?
9
What is the ten millions digit of 200109467?
0
What is the hundreds digit of 183590482?
4
What is the tens digit of 89375023?
2
What is the ten millions digit of 59620161?
5
What is the hundred millions digit of 371279409?
3
What is the units digit of 1708102980?
0
What is the units digit of 126777518?
8
What is the millions digit of 73096397?
3
What is the tens digit of 3853208039?
3
What is the hundreds digit of 270427637?
6
What is the millions digit of 117115339?
7
What is the hundred millions digit of 1266138665?
2
What is the tens digit of 46455085?
8
What is the hundred millions digit of 1874529410?
8
What is the thousands digit of 20042109?
2
What is the hundred thousands digit of 78999060?
9
What is the hundreds digit of 5424420041?
0
What is the billions digit of 1115984474?
1
What is the ten thousands digit of 53936417?
3
What is the hundred thousands digit of 8489016814?
0
What is the millions digit of 4678223916?
8
What is the thousands digit of 139896388?
6
What is the millions digit of 1663906417?
3
What is the units digi